
Convert 43 (base 6) to base 15.
1c
Convert -14 (base 5) to base 7.
-12
What is 3 (base 4) in base 13?
3
What is -143 (base 5) in base 7?
-66
Convert 7 (base 14) to base 10.
7
-121 (base 4) to base 11
-23
116 (base 9) to base 14
6c
What is -6 (base 14) in base 2?
-110
Convert 1 (base 9) to base 16.
1
What is -1 (base 4) in base 12?
-1
101011 (base 3) to base 16
112
What is 11010 (base 2) in base 4?
122
9a (base 13) to base 9
151
What is -1 (base 10) in base 7?
-1
0 (base 2) to base 8
0
Convert b (base 12) to base 3.
102
What is -72 (base 16) in base 6?
-310
Convert 2 (base 9) to base 8.
2
-33 (base 7) to base 2
-11000
What is -4d (base 15) in base 12?
-61
-24 (base 11) to base 15
-1b
Convert 6 (base 8) to base 13.
6
Convert 5 (base 6) to base 4.
11
What is -102 (base 4) in base 9?
-20
-2 (base 4) to base 8
-2
What is -12 (base 4) in base 15?
-6
Convert 5 (base 6) to base 9.
5
What is -a (base 12) in base 6?
-14
-14 (base 6) to base 9
-11
Convert 71 (base 8) to base 15.
3c
Convert 67 (base 16) to base 14.
75
1c (base 15) to base 6
43
Convert -29 (base 10) to base 4.
-131
Convert -3b (base 15) to base 12.
-48
8 (base 9) to base 3
22
2 (base 12) to base 5
2
-12 (base 5) to base 9
-7
107 (base 14) to base 12
14b
Convert -3 (base 5) to base 6.
-3
Convert -16a (base 11) to base 5.
-1242
-45 (base 16) to base 11
-63
Convert 1 (base 10) to base 9.
1
What is 2 (base 14) in base 12?
2
What is -5 (base 15) in base 3?
-12
Convert 55 (base 12) to base 5.
230
0 (base 3) to base 2
0
55 (base 6) to base 9
38
What is -33 (base 5) in base 11?
-17
What is 101000 (base 2) in base 9?
44
-55 (base 8) to base 10
-45
Convert 44 (base 6) to base 10.
28
What is 0 (base 15) in base 6?
0
-4 (base 14) to base 10
-4
-2 (base 7) to base 10
-2
What is 1 (base 4) in base 8?
1
What is -b (base 13) in base 10?
-11
Convert 35 (base 7) to base 9.
28
2 (base 13) to base 6
2
Convert 8 (base 13) to base 3.
22
Convert 2 (base 9) to base 6.
2
-44 (base 9) to base 2
-101000
What is -1 (base 4) in base 10?
-1
-93 (base 16) to base 7
-300
What is 103 (base 11) in base 10?
124
Convert 3 (base 16) to base 2.
11
What is -61 (base 9) in base 10?
-55
Convert 11 (base 2) to base 7.
3
Convert -1010 (base 2) to base 8.
-12
Convert 101101 (base 3) to base 14.
160
Convert -3 (base 13) to base 15.
-3
What is -14 (base 9) in base 11?
-12
What is -3 (base 13) in base 7?
-3
What is 8 (base 15) in base 10?
8
Convert -20 (base 5) to base 3.
-101
-22 (base 4) to base 3
-101
What is 1b (base 14) in base 7?
34
38 (base 16) to base 7
110
0 (base 11) to base 4
0
What is -10 (base 2) in base 14?
-2
What is -29 (base 14) in base 16?
-25
Convert 1 (base 9) to base 4.
1
Convert 1 (base 16) to base 10.
1
Convert 34 (base 8) to base 2.
11100
1b (base 16) to base 15
1c
117 (base 13) to base 10
189
0 (base 12) to base 11
0
What is 69 (base 13) in base 3?
10020
What is 26 (base 14) in base 12?
2a
What is -212 (base 4) in base 16?
-26
7 (base 10) to base 3
21
What is -3 (base 10) in base 7?
-3
46 (base 7) to base 14
26
3e (base 16) to base 3
2022
What is -56 (base 8) in base 16?
-2e
What is 7 (base 16) in base 4?
13
14 (base 11) to base 5
30
Convert 63 (base 14) to base 11.
7a
What is -10101001 (base 2) in base 8?
-251
What is -e7 (base 16) in base 2?
-11100111
Convert 1001010 (base 2) to base 8.
112
What is -1 (base 2) in base 5?
-1
Convert 10011 (base 2) to base 10.
19
Convert -3 (base 13) to base 14.
-3
123 (base 7) to base 2
1000010
What is a (base 14) in base 6?
14
Convert -10 (base 8) to base 15.
-8
-1 (base 5) to base 14
-1
11 (base 3) to base 5
4
531 (base 6) to base 10
199
What is -11 (base 2) in base 16?
-3
Convert -21221 (base 3) to base 16.
-d6
Convert -4 (base 16) to base 7.
-4
What is 12112 (base 3) in base 8?
225
7 (base 8) to base 13
7
What is 4 (base 9) in base 8?
4
Convert -1 (base 13) to base 5.
-1
What is 1010 (base 3) in base 12?
26
What is -256 (base 7) in base 14?
-9d
What is 120 (base 5) in base 2?
100011
-1 (base 13) to base 7
-1
What is 153 (base 8) in base 12?
8b
What is 33 (base 4) in base 9?
16
Convert 41 (base 12) to base 14.
37
What is -111 (base 2) in base 4?
-13
Convert 32 (base 15) to base 4.
233
What is 106 (base 15) in base 14?
127
What is 3 (base 5) in base 10?
3
-5 (base 13) to base 7
-5
What is -7 (base 8) in base 4?
-13
-242 (base 6) to base 16
-62
What is -16 (base 8) in base 6?
-22
Convert 2 (base 13) to base 16.
2
Convert 3 (base 14) to base 8.
3
What is -3 (base 6) in base 8?
-3
Convert -12b (base 14) to base 3.
-22201
What is -6a (base 15) in base 5?
-400
Convert -121 (base 6) to base 15.
-34
Convert -10 (base 2) to base 16.
-2
What is -72 (base 13) in base 16?
-5d
What is -2 (base 10) in base 14?
-2
-4 (base 11) to base 7
-4
1 (base 8) to base 4
1
Convert 5 (base 6) to base 2.
101
Convert -a5 (base 14) to base 15.
-9a
What is 0 (base 10) in base 11?
0
1 (base 15) to base 12
1
Convert 2 (base 7) to base 3.
2
3 (base 5) to base 15
3
Convert 3 (base 14) to base 8.
3
Convert -147 (base 10) to base 13.
-b4
Convert -12 (base 6) to base 3.
-22
2 (base 13) to base 16
2
What is 3 (base 6) in base 13?
3
3 (base 6) to base 10
3
What is -1 (base 12) in base 5?
-1
-75 (base 13) to base 3
-10120
What is 210 (base 3) in base 4?
111
22 (base 10) to base 3
211
Convert -31 (base 6) to base 13.
-16
Convert -34 (base 15) to base 5.
-144
Convert -2 (base 16) to base 9.
-2
Convert -122 (base 4) to base 7.
-35
Convert 2 (base 7) to base 14.
2
-c (base 14) to base 13
-c
Convert 10 (base 3) to base 12.
3
Convert -3 (base 10) to base 8.
-3
What is -8 (base 15) in base 9?
-8
Convert 1 (base 3) to base 6.
1
112 (base 5) to base 15
22
Convert 10010 (base 2) to base 3.
200
-14 (base 5) to base 2
-1001
Convert 0 (base 9) to base 6.
0
Convert 2 (base 14) to base 13.
2
-7 (base 9) to base 3
-21
Convert -1 (base 8) to base 16.
-1
Convert 310 (base 8) to base 15.
d5
What is -3 (base 13) in base 12?
-3
What is -4 (base 5) in base 12?
-4
Convert 2a (base 12) to base 16.
22
What is 11 (base 3) in base 12?
4
Convert 103 (base 4) to base 12.
17
Convert 1 (base 9) to base 11.
1
-103 (base 6) to base 11
-36
Convert 53 (base 8) to base 9.
47
-11 (base 3) to base 4
-10
What is 4 (base 9) in base 13?
4
Convert 0 (base 16) to base 13.
0
-133 (base 4) to base 7
-43
140 (base 9) to base 6
313
What is -2 (base 14) in base 11?
-2
What is 204 (base 13) in base 15?
17c
What is 511 (base 8) in base 16?
149
Convert -5d (base 14) to base 6.
-215
What is -10 (base 12) in base 16?
-c
20 (base 14) to base 3
1001
1 (base 10) to base 8
1
Convert -111 (base 3) to base 12.
-11
12 (base 3) to base 12
5
Convert -1133 (base 5) to base 14.
-c0
-4 (base 9) to base 16
-4
Convert 4 (base 14) to base 6.
4
Convert -67 (base 11) to base 4.
-1021
What is -53 (base 11) in base 16?
-3a
16 (base 9) to base 7
21
What is a5 (base 13) in base 15?
90
Convert -11100 (base 2) to base 13.
-22
What is 312 (base 4) in base 13?
42
Convert 321 (base 5) to base 13.
68
Convert -150 (base 10) to base 15.
-a0
Convert -10 (base 9) to base 6.
-13
What is 20 (base 5) in base 12?
a
What is -9 (base 11) in base 12?
-9
What is -45 (base 7) in base 16?
-21
1010 (base 2) to base 11
a
-b (base 13) to base 11
-10
-2220 (base 5) to base 11
-262
Convert -40 (base 13) to base 7.
-103
Convert -1 (base 6) to base 15.
-1
Convert -1d (base 15) to base 10.
-28
Convert -2 (base 12) to base 6.
-2
What is -55 (base 11) in base 14?
-44
Convert 143 (base 12) to base 9.
236
What is 320 (base 5) in base 12?
71
3 (base 5) to base 7
3
24 (base 12) to base 8
34
What is -207 (base 10) in base 15?
-dc
-4 (base 10) to base 14
-4
Convert a0 (base 15) to base 4.
2112
Convert 4 (base 10) to base 3.
11
What is -68 (base 16) in base 4?
-1220
Convert -10 (base 5) to base 4.
-11
What is -6 (base 13) in base 11?
-6
What is 173 (base 12) in base 8?
347
12 (base 4) to base 3
20
What is -3 (base 7) in base 16?
-3
1 (base 15) to base 3
1
What is 221 (base 10) in base 2?
11011101
What is -2 (base 5) in base 16?
-2
Convert -13 (base 4) to base 14.
-7
What is -3 (base 15) in base 3?
-10
c3 (base 16) to base 7
366
What is 8 (base 16) in base 6?
12
3 (base 9) to base 12
3
-212 (base 3) to base 4
-113
What is 0 (base 8) in base 11?
0
What is -10 (base 9) in base 5?
-14
What is -121 (base 5) in base 11?
-3